actors of 14370814?
2, 17, 23, 47
List the prime factors of 864749868.
2, 3, 72062489
List the prime factors of 1552781297.
1552781297
List the prime factors of 2087215376.
2, 29, 211, 21319
List the prime factors of 1496183002.
2, 748091501
List the prime factors of 40043322.
2, 3, 11, 23, 977
List the prime factors of 319086096.
2, 3, 7, 569, 1669
What are the prime factors of 150935909?
239, 631531
List the prime factors of 266619891.
3, 17, 37, 229, 617
What are the prime factors of 9521299?
19, 501121
List the prime factors of 392219827.
311, 1261157
List the prime factors of 218449986.
2, 3, 181, 201151
What are the prime factors of 609641232?
2, 3, 137, 92707
List the prime factors of 8305094315.
5, 7, 237288409
What are the prime factors of 18692258?
2, 13, 107, 6719
What are the prime factors of 224319473?
7, 79, 405641
List the prime factors of 683856171.
3, 23, 457, 7229
List the prime factors of 117459978.
2, 3, 37, 53, 67, 149
List the prime factors of 680033109.
3, 7, 181, 178909
List the prime factors of 2073564276.
2, 3, 7, 103, 443, 541
What are the prime factors of 1181905567?
4909, 240763
List the prime factors of 124300197.
3, 7, 59, 71, 157
List the prime factors of 47521046.
2, 23760523
What are the prime factors of 1318011781?
1433, 919757
List the prime factors of 3145920862.
2, 7, 137, 1063, 1543
List the prime factors of 2497956132.
2, 3, 7, 17, 1749269
What are the prime factors of 219633603?
3, 7, 2083, 5021
List the prime factors of 4765357.
461, 10337
What are the prime factors of 26676216?
2, 3, 7, 5881
What are the prime factors of 65204364?
2, 3, 61, 281, 317
What are the prime factors of 6948606822?
2, 3, 1158101137
What are the prime factors of 4679051213?
83, 197, 286163
What are the prime factors of 97300747?
97300747
What are the prime factors of 264541464?
2, 3, 11, 89, 139
What are the prime factors of 21514713?
3, 11, 31, 21031
What are the prime factors of 35448963?
3, 11, 67, 16033
List the prime factors of 46995393.
3, 15665131
What are the prime factors of 3182685841?
101, 4523, 6967
What are the prime factors of 32287690?
2, 5, 3228769
What are the prime factors of 853727347?
11, 77611577
List the prime factors of 96227001.
3, 13, 19, 47, 307
What are the prime factors of 50355729?
3, 1865027
List the prime factors of 20606325.
3, 5, 274751
List the prime factors of 3804880807.
7, 13, 41811877
List the prime factors of 21938917.
7, 11, 13, 31, 101
What are the prime factors of 4638509?
4638509
List the prime factors of 95406315.
3, 5, 19, 334759
List the prime factors of 2411559891.
3, 13, 73, 94117
List the prime factors of 1085997086.
2, 967, 561529
List the prime factors of 427566134.
2, 5591, 38237
What are the prime factors of 29734435?
5, 5946887
List the prime factors of 301980166.
2, 9967, 15149
List the prime factors of 5880769.
5880769
What are the prime factors of 3644831604?
2, 3, 303735967
What are the prime factors of 44180721?
3, 13, 41957
List the prime factors of 151922058.
2, 3, 233, 271, 401
List the prime factors of 478840250.
2, 5, 7, 39089
What are the prime factors of 200525574?
2, 3, 17, 1965937
List the prime factors of 81249183.
3, 281, 10709
List the prime factors of 45361084.
2, 11340271
List the prime factors of 841211817.
3, 4159, 67421
List the prime factors of 518805884.
2, 5113, 25367
What are the prime factors of 416197111?
11, 17, 2225653
What are the prime factors of 645354430?
2, 5, 7, 2179, 4231
What are the prime factors of 1613789101?
1117, 1444753
What are the prime factors of 120510332?
2, 37, 59, 373
List the prime factors of 138873830.
2, 5, 1163, 11941
What are the prime factors of 442007579?
13, 31, 1096793
List the prime factors of 1511366621.
3001, 503621
What are the prime factors of 2001827728?
2, 31, 61, 109, 607
List the prime factors of 416777842.
2, 13, 37, 433241
List the prime factors of 5386324.
2, 23, 127, 461
What are the prime factors of 138231080?
2, 5, 13, 17, 19, 823
What are the prime factors of 78177059?
4657, 16787
What are the prime factors of 1232219757?
3, 410739919
List the prime factors of 31159834.
2, 15579917
List the prime factors of 917672125.
5, 107, 68611
What are the prime factors of 3650913576?
2, 3, 1949, 26017
What are the prime factors of 691222885?
5, 151, 915527
List the prime factors of 2243850.
2, 3, 5, 7, 2137
What are the prime factors of 862353643?
347, 2485169
What are the prime factors of 260675133?
3, 86891711
List the prime factors of 126738052.
2, 7, 41, 53, 2083
List the prime factors of 465241259.
7, 127, 419, 1249
What are the prime factors of 143092814?
2, 71546407
What are the prime factors of 37303522?
2, 41, 454921
List the prime factors of 60399993.
3, 19, 43, 1297
What are the prime factors of 321424269?
3, 43, 2491661
List the prime factors of 2316669837.
3, 233, 1087, 3049
List the prime factors of 47580981.
3, 7, 2265761
List the prime factors of 31523159.
1187, 26557
What are the prime factors of 575321395?
5, 11, 17, 73, 8429
List the prime factors of 99964952.
2, 101, 123719
List the prime factors of 98696471.
41, 2407231
List the prime factors of 2890930712.
2, 19, 19019281
List the prime factors of 1732031914.
2, 866015957
List the prime factors of 25307474.
2, 12653737
What are the prime factors of 106106162?
2, 281, 188801
List the prime factors of 2634802803.
3, 41, 2380129
List the prime factors of 76760937.
3, 11, 775363
What are the prime factors of 286260562?
2, 7, 20447183
What are the prime factors of 960316660?
2, 5, 48015833
What are the prime factors of 1757766552?
2, 3, 73240273
List the prime factors of 42249861.
3, 773, 6073
List the prime factors of 5037776572.
2, 23, 263, 208207
List the prime factors of 2329310010.
2, 3, 5, 61, 1272847
What are the prime factors of 147073656?
2, 3, 6128069
List the prime factors of 251493898.
2, 47, 2675467
List the prime factors of 4170488042.
2, 7, 17, 43, 59, 6907
List the prime factors of 282286786.
2, 1999, 70607
List the prime factors of 1305624863.
29, 79, 569893
What are the prime factors of 21464159?
21464159
List the prime factors of 119442160.
2, 5, 1493027
What are the prime factors of 4050005?
5, 241, 3361
List the prime factors of 1039195132.
2, 2939, 88397
What are the prime factors of 144392364?
2, 3, 211, 19009
List the prime factors of 2313704623.
31, 139, 536947
What are the prime factors of 66063096?
2, 3, 11, 7583
List the prime factors of 73292645.
5, 79, 185551
What are the prime factors of 173441446?
2, 17, 43, 118633
What are the prime factors of 296985152?
2, 4640393
List the prime factors of 495320204.
2, 79, 1567469
List the prime factors of 3864609107.
29, 97, 1373839
List the prime factors of 1358320995.
3, 5, 17, 29, 6803
List the prime factors of 405447571.
139, 1559, 1871
What are the prime factors of 30883043?
23, 1342741
What are the prime factors of 182798063?
7, 1447, 18047
What are the prime factors of 123314947?
7, 17616421
What are the prime factors of 164695518?
2, 3, 13, 78203
What are the prime factors of 1333788788?
2, 17, 19614541
What are the prime factors of 55585505?
5, 11117101
What are the prime factors of 227560478?
2, 5569, 20431
List the prime factors of 2645375607.
3, 7, 31, 137, 9887
List the prime factors of 1116636849.
3, 124070761
List the prime factors of 119866415.
5, 1831, 13093
What are the prime factors of 2880435?
3, 5, 192029
List the prime factors of 3830756811.
3, 7, 182416991
What are the prime factors of 361909843?
361909843
List the prime factors of 39699903.
3, 199, 66499
List the prime factors of 51288649.
51288649
What are the prime factors of 4056850376?
2, 7109, 71333
List the prime factors of 170288330.
2, 5, 1811, 9403
List the prime factors of 320157253.
13, 757, 32533
What are the prime factors of 297436354?
2, 29, 5128213
List the prime factors of 47038661.
19, 229, 569
What are the prime factors of 186080536?
2, 23260067
List the prime factors of 61674409.
2803, 22003
What are the prime factors of 52545635?
5, 2339, 4493
What are the prime factors of 164087464?
2, 31, 541, 1223
List the prime factors of 2598627028.
2, 223, 2913259
What are the prime factors of 207162082?
2, 103581041
List the prime factors of 9741164.
2, 2435291
List the prime factors of